-6).
42
Let v(j) = -j**2 + 8*j - 8. Let c be v(7). Let i = 0 + c. Let l(p) be the second derivative of -2*p**3/3 - p**2/2 - 4*p. What is l(i)?
3
Let a(y) = 7*y**3 + 31*y**2 + y + 43. Let g(t) = -4*t**3 - 16*t**2 - 22. Let d(v) = -3*a(v) - 5*g(v). Calculate d(-13).
20
Let j(w) be the first derivative of -3*w**2/2 - 9*w + 113. What is j(-7)?
12
Let v(m) = -m**2 + 10*m + 3. Let s(b) = -b. Let z(p) = 5*s(p) + v(p). Suppose -3*i = a + 2*i + 5, -4*i + 12 = 4*a. Give z(a).
3
Suppose -15*b + 56 = -22*b. Suppose 0 = 4*t + 4*d + 8, d + 2 = 3*t + 2*d. Let k = t + b. Let x(q) = q**2 + 7*q + 3. Determine x(k).
-3
Suppose -2*o = 85 - 115. Suppose 0 = 12*q + 75 - o. Let g(x) = x + 2. Calculate g(q).
-3
Let r(u) = -u**2 + 17*u + 4. Suppose n = 2, 3*p = 3*n + 2*n + 41. Calculate r(p).
4
Let j(k) be the first derivative of -k**2 - 44*k + 217. What is j(-22)?
0
Suppose a - l - 3*l = -25, -l + 4 = 0. Let t(r) = r**3 + 10*r**2 + 6*r - 10. Give t(a).
17
Let n = -17 - -17. Suppose n = 4*d - 28. Let t(z) = z**3 - 6*z**2 - 8*z + 2. Give t(d).
-5
Let y(v) be the first derivative of -v**2 + 4*v - 12. Give y(3).
-2
Let c(p) be the third derivative of 1/3*p**4 - 13/6*p**3 + 0*p + 0 + 1/60*p**5 + 23*p**2. Determine c(-9).
-4
Let q(h) = -27*h**3 - 8 + 9*h + 5*h**2 + 18*h**3 + 8*h**3. Determine q(6).
10
Let p(y) = -y**3 - 5*y**2 + 2*y + 1. Let h = 5 - 16. Let s(q) = q**3 + 10*q**2 - 12*q - 16. Let o be s(h). Give p(o).
-9
Let j = 4 + -3. Let r be (-12)/18*(-7 + j). Suppose -2*v + 5*y + 19 = -v, r*y = -20. Let n(a) = -a**2 - 7*a - 5. Calculate n(v).
1
Suppose 0 = -2*b - b - 18. Let l(n) = 147*n - n**2 - 8 + 141*n + 141*n - 580*n + 144*n. What is l(b)?
-2
Let w(x) = x**2 - 6*x - 6*x + 3*x + 9. Let d be 6/20 - (-3648)/640. What is w(d)?
-9
Let g(q) = -8*q - 8. Let d(s) = -13*s + 487. Let x be d(38). What is g(x)?
48
Suppose 2 = 2*n - 4. Suppose r = n*s + 3, 2*r + 2*s = -s - 12. Let o(j) be the first derivative of -j**4/4 - 4*j**3/3 - 5*j**2/2 - 4*j + 7. What is o(r)?
2
Let j = 6 - -2. Let l(w) be the third derivative of 0*w + 0 + 1/3*w**3 + 18*w**2 + 1/3*w**4 + 7/60*w**5 - 1/120*w**6. Determine l(j).
2
Let a(t) be the first derivative of 9*t**2/2 + 2*t + 33. What is a(4)?
38
Suppose 6*f - 10*f + 28 = 0. Let a(o) = -9*o**2 + 10*o + 3. Let n(v) = 3*v**2 - 3*v - 1. Let x(w) = f*n(w) + 2*a(w). Give x(-1).
3
Let z(o) = -o**3 - o**2 + 12. Let i be (-20)/(-12) - (-4)/(-6). Let j = 3 - i. Let m be 0/(j + (-5)/1). Give z(m).
12
Let u be (-5)/(-2)*(-8)/(-10). Suppose -u = 3*p - 8. Let y(n) = -7*n - p*n + 8*n. Determine y(6).
-6
Let r(f) = -7 - 342*f + 341*f - 16*f**2 + 1 + 5. What is r(-1)?
-16
Let s(x) = -28 - 5*x + 51 + 12*x - 11*x. Give s(8).
-9
Let q(m) = -m**3 - 2*m**2 - 2*m - 4. Suppose 5*y - 6 = 2*c + 18, 4*c - 4 = -3*y. Give q(c).
0
Suppose 0*t + 16 = 3*t - d, 3*t = -3*d. Suppose -30 = 2*o + t*u, -4*o + 3*u = o + 10. Let v(g) = -g + 2. Give v(o).
7
Suppose -3*w + 11 = 2*y + 3*y, 7 = y - w. Suppose 4*d - y*a = a + 20, -d = 2*a - 5. Let v(f) = -f**2 + 7*f + 4. Calculate v(d).
14
Let f(t) = -3*t + 16. Let c be f(5). Let x(l) = 5*l**2 + l. Calculate x(c).
6
Let j(p) = 5*p + 13. Let b(v) = 28*v + 83. Let i(l) = 14*l + 41. Let t(f) = 3*b(f) - 7*i(f). Let a(s) = -11*j(s) - 4*t(s). Give a(-8).
1
Let k(p) = 2*p**3 + 6*p**2 - 3*p**3 - 7 + 2*p**3. Let x be 285/(-55) + (-8)/(-44). Determine k(x).
18
Let v(i) be the first derivative of i**4/4 + 16*i**3/3 + 13*i**2 - 27*i - 10. Determine v(-14).
1
Suppose 3*n + 2*n = 65. Suppose -o = n - 0. Let p = o - -11. Let l(z) = -z**3 + z**2 + 2*z - 1. What is l(p)?
7
Let p(d) be the first derivative of d**3/3 - 2*d**2 - 7*d + 31. Suppose -51 + 11 = 5*j. Let k = 14 + j. Determine p(k).
5
Let s(z) = -z**2 + 0*z**2 - 2 + 5 - 2*z. Let q be (4/20)/(-7*(-1)/70). What is s(q)?
-5
Suppose -4*y = -4*c + y - 30, -3*y - 19 = 5*c. Let o(d) = d**3 + 4*d**2 - 4*d - 7. Give o(c).
-12
Let u be (-8)/(-6) - (-14)/(-42). Let c be -1*6 - u - -3. Let d(f) = f**2 - 2*f - 3. Let g(p) = 2*p**2 - 2*p - 3. Let m(s) = 3*d(s) - 2*g(s). Calculate m(c).
-11
Let a(h) = 36 + 36 + h - 60. Let y be (-2)/3*(-54)/(-4). What is a(y)?
3
Let s(r) = r**2 - 6*r + 6. Suppose 0 = 6*l - 4*l - 10. Let c(z) = 3*z - 28. Let h be c(9). Let f = h + l. What is s(f)?
-2
Let i(r) be the third derivative of -r**7/2520 - r**6/90 - r**5/40 + 7*r**4/12 + r**2. Let u(l) be the second derivative of i(l). Give u(-7).
4
Let u = 143 + -141. Let n(l) = -l**2 - 4*l + 3. Determine n(u).
-9
Let d(r) = -r - 2. Let t(n) = -28*n + 536. Let b be t(19). Calculate d(b).
-6
Let x(u) = 2*u - 8. Let j be 0 - (3 + -1 + 0). Let i be 12/(-7)*(9/j + 1). Give x(i).
4
Let j(n) = -n**2 + 7*n - 7. Let a = -661 - -665. Determine j(a).
5
Let l(m) = -10*m - 4. Let g be l(-1). Let b(o) = -g + o + 3 + 2. What is b(-3)?
-4
Let s(m) = 26*m**2 - 17*m + 3. Let y(z) = -12*z**2 + 8*z - 1. Let w(d) = -5*s(d) - 11*y(d). Suppose 4*n - 11 = -4*o + 3*n, 0 = -4*o + 5*n + 17. Calculate w(o).
5
Let u(s) = s**2 - 15*s + 4. Let n(o) = 2*o**2 - 38*o + 9. Let y(v) = -2*n(v) + 5*u(v). Let t be (-3)/((-10)/(-4) + -1). Give y(t).
4
Let q(v) = v**3 - v**2 - v - 9. Let f be ((-8)/10)/((-4)/30). Let t be (f/4)/(3/4). Suppose 0 = 4*w + 3*n + 4 + t, 0 = 5*n + 10. What is q(w)?
-9
Let w be (3/(24/(-8)))/((-1)/3). Let y(t) = -t**3 + 4*t**2 - 2*t - 1. Let x be y(2). Let z(p) = -p**x + 3*p**3 - p + 4*p**2 - p**w. Determine z(-3).
12
Let w(d) = -d - 8. Let p(r) = -5*r - 32. Let i(q) = 2*p(q) - 9*w(q). Let l(g) = -1. Let v(s) = -i(s) - 4*l(s). Let j = 2 + 3. Determine v(j).
1
Let a(o) = -5*o**3 + 4*o**2 - 6*o - 4. Let b(s) = 3*s**3 - 4*s**2 + 4*s + 3. Let k(n) = -2*a(n) - 3*b(n). What is k(-3)?
8
Let n(i) = 55*i + 33. Let g(q) = 119*q + 67. Let h(x) = -6*g(x) + 13*n(x). Determine h(-13).
14
Let l(i) = 4*i + 4*i**2 - 22*i + 10*i - 4 + 13*i + 10*i. Calculate l(-4).
0
Let t(h) = -91*h + 720. Let l be t(8). Let y(m) = -m**3 - 8*m**2 + m + 2. Give y(l).
-6
Let f(d) = -5*d**3 - d**2 - d. Let h be (1 - 0)/(4/116). Let w = 28 - h. What is f(w)?
5
Let m(g) = -3*g + 7. Let b(n) = -16*n + 36. Let p(h) = 2*b(h) - 11*m(h). Let w = 5 - 5. Suppose c - 4*c = w. Give p(c).
-5
Let v(t) be the first derivative of -2*t**3/3 + t**2/2 - 3*t + 381. What is v(4)?
-31
Let o(p) be the second derivative of p**3/6 + 13*p**2/2 + 26*p. Give o(-9).
4
Let c(j) = -35*j - 38*j + 142*j - 33*j - 37*j. Determine c(-5).
5
Let v(h) = 37*h**3 - 4*h**2 - 3*h - 1. Let n be v(-1). Let z = 35 + n. Let l(s) = s**2 + s - 1. Determine l(z).
11
Let q be (-4)/(-18) + 2/(-9). Suppose q = -5*c - 2*b + 4, 4*c - 7 = -c - b. Let j(w) = -3 + 2 + 3*w**c - 3*w + w - 4*w**2. Calculate j(-3).
-4
Let y(x) = -11*x**2 - 5*x + 30. Let k(w) = 5*w**2 + 3*w - 14. Let r(c) = 9*k(c) + 4*y(c). Give r(-10).
24
Let a be (-2)/6 + (-1 - 146/(-6)). Suppose -2*l - a = -13. Let m(k) = -k**3 - 4*k**2 + 5*k - 7. Calculate m(l).
-7
Let u be (3/(-18)*2)/(1/(-3)). Let x(y) = 59*y**2 + u - 5*y - y + 4 - 60*y**2. Suppose 0 = -v - 5*n - 22 + 1, -n - 27 = 4*v. What is x(v)?
5
Let y(j) = -j**3 - 5*j**2 - 6*j. Let n be y(-3). Suppose n*a - 7*a + 175 = 0. Let u(z) = -z**2 - a + 5 + 12 - 9*z. Determine u(-6).
10
Let m(c) = 3*c**2 + 9*c + 11. Let i(f) = -2*f**2 - 4*f - 6. Let x(o) = 5*i(o) + 3*m(o). What is x(6)?
9
Let x(l) = l - 9. Suppose -j + 2 - 1 = 0. Let h(z) = -z**2 + 8*z - 7. Let a be h(6). Let b = a - j. Give x(b).
-5
Let f(m) = -m**3 + 6*m**2 - 4*m - 5. Let j = 99 + -95. Give f(j).
11
Let u(x) = 1790 - 1790 + 3*x. Let k = 1 + 1. What is u(k)?
6
Let y(v) = 10*v + 4. Let d(m) = 5*m + 2. Let w(o) = 5*d(o) - 2*y(o). Let x(c) = -c**2 + 7*c - 2. Let k be x(7). What is w(k)?
-8
Suppose 2*f - 9 = -f. Suppose j + 4 = -f. Let r(u) = u**3 + 7*u**2 + u + 3. Calculate r(j).
-4
Let g(w) = 4*w**2 - 10*w - 17. Let k(c) = -13*c**2 + 30*c + 53. Let r(j) = 10*g(j) + 3*k(j). What is r(9)?
-20
Let b(t) = 2*t - 6*t**2 - 2 + 8*t**2 - 3*t**2. Let l(x) = x**2 - 9*x + 5. Let g be l(9). What is b(g)?
-17
Let w(q) = -q**2 - 21*q + 4. Suppose 0 = -11*y + 6*y - 105. Determine w(y).
4
Suppose 2*j + 28 = 9*j. Suppose 3*w = -4*o - w, 0 = -j*w. Let z(d) = 0 + 0 - d. Give z(o).
0
Let v = 102 + -7. Let p(o) = 0*o**2 - 2*o - v - 5*o**3 - o**2 + 86. Let t(z) = 11*z**3 + 3*z**2 + 3*z + 19. Let f(w) = -13*p(w) - 6*t(w). Give f(-6).
-9
Suppose -3*u + 2*u + 15 = 0. Suppose -2*m + 4*s 